rime factors of y(-3).
7
Suppose -n - 12 = -9, -5*m + 2*n = -3636. List the prime factors of m.
2, 3, 11
Suppose -2*m = z - 563, 4*z + 9*m = 5*m + 2232. List the prime factors of z.
7, 79
Suppose 28196 = 52*v - 24*v. List the prime factors of v.
19, 53
Suppose 0 = -j + r + 5, -15 = -4*j + r - 2*r. What are the prime factors of (11/2)/(j/8)?
11
Let l be 6/(-2) - 0 - 30. Let q = -105 - l. What are the prime factors of (q/3 - 1)/(-1)?
5
Let l be 144/30 - (-1)/5. Let a be 4 + -3 + l - 1. Suppose 4*m + 2*o - 62 = 0, a*o - 80 = -2*m - 3*m. List the prime factors of m.
3, 5
Let w be (1 - 2)/((-3)/(-21)). Let l be 24/7 + 3/w. Suppose -l*i + 48 = -i. What are the prime factors of i?
2, 3
Suppose -3*d - 2*w = w - 126, -126 = -3*d + w. Let v = 502 + -499. Suppose 4*s - v*s = d. List the prime factors of s.
2, 3, 7
Let d(k) = 2*k**2 - 47. What are the prime factors of d(7)?
3, 17
Let w = -13 + -10. Let z = w - -34. Let s = 17 - z. What are the prime factors of s?
2, 3
Let z = -971 - -1495. List the prime factors of z.
2, 131
Suppose -4*u = 4*u - 2144. What are the prime factors of u?
2, 67
Suppose 0 = 3*i + 6 + 9. Let w = 34 - i. List the prime factors of w.
3, 13
Suppose -4*l - 2346 - 1618 = -4*a, -2978 = -3*a + 4*l. What are the prime factors of a?
2, 17, 29
Let n(x) = -x**3 + 18*x**2 - 2*x + 9. Let c be n(18). Let q(z) = -z**2 - 32*z + 71. List the prime factors of q(c).
2, 103
Suppose -4*b - 5850 = -17*b. List the prime factors of b.
2, 3, 5
Suppose -3*r - 5*d + 160 = -15, -2*r = -4*d - 80. What are the prime factors of r?
2, 5
Let p = 3836 + -1215. What are the prime factors of p?
2621
List the prime factors of 4/7*1011 - 4/(-14).
2, 17
Let v(a) = -4*a**3 - 5*a**2 + 2*a - 14. Let s be v(-5). Suppose -4*z = -s + 123. What are the prime factors of z?
3, 19
Let c = 0 - 0. Suppose -s + 4 = -c*s. List the prime factors of 716/16 - s/(-16).
3, 5
Suppose 10 = -p + 6*p. What are the prime factors of (760/15 - -3)/(p/6)?
7, 23
Let k = -47 + 17. Let y be (-8)/(-6) - 710/k. Suppose 3*t + 14 = 2*c - 8, c - 5*t - y = 0. What are the prime factors of c?
5
Let w(j) = -10*j**2 - 175*j - 34. Let o(r) = 2*r**2 + 35*r + 7. Let u(g) = -11*o(g) - 2*w(g). List the prime factors of u(-14).
89
Let o(w) = 2*w**3 - 47*w**2 + 34*w - 51. List the prime factors of o(24).
3, 149
Suppose -3*y - 214 + 940 = 0. What are the prime factors of y?
2, 11
Suppose 3*m = m - 24. Let n(f) = -f**2 - 13*f - 13. Let d be n(m). Let z = 10 - d. List the prime factors of z.
11
Suppose o + 124 = 5*o. Suppose o*f - 35*f = -460. What are the prime factors of f?
5, 23
Suppose q = -4*o + 26, -4*q + o = -0*q - 53. Suppose -q*a = -11*a - 477. What are the prime factors of a?
3, 53
Let h = 1649 + -1038. What are the prime factors of h?
13, 47
Let v = 424 - -258. List the prime factors of v.
2, 11, 31
Suppose 0 = 2*v - 5*z - 1185, 5*v - 1585 = -2*z + 1421. List the prime factors of v.
2, 3, 5
What are the prime factors of 6/4 - 29196/(-72)?
11, 37
Let j(g) = g**3 - 2*g**2 - 2*g - 11. Let v(o) = o**3 - 3*o**2 - 2*o - 10. Let h(b) = -3*j(b) + 4*v(b). What are the prime factors of h(8)?
3, 5, 7
Let g(k) = k**3 - k + 70. Let i be g(0). Suppose 3*v = a - i + 405, 5*v - 561 = -a. List the prime factors of v.
2, 7
Let q = 17110 + -10883. List the prime factors of q.
13, 479
Let w be 21/7 + ((-477)/1)/(-3). Let v = -59 + w. What are the prime factors of v?
103
Suppose -4*b + 31 = 5*u, -3*b + 4*b - 3*u + 5 = 0. Let r(t) = 41*t + 2*t - b + 5. What are the prime factors of r(1)?
2, 11
Suppose 16645 = 21*u - 44087. What are the prime factors of u?
2, 3, 241
Let p(l) = l**3 - 2*l**2 + 2*l - 1. Let o be p(2). Let t(x) = -15 - 12 - o*x + 25 + 9*x. What are the prime factors of t(4)?
2, 11
Suppose -1150 = -4*m + 4154. List the prime factors of m.
2, 3, 13, 17
Suppose -2*f = -71 - 37. List the prime factors of f.
2, 3
Let s(d) = d**3 - 4*d**2 + 4*d - 8. Let g be s(4). Let b be 2*-1 - (-144)/g. What are the prime factors of -1*b/4 - -21?
17
Suppose -2*d + 3*p - 7 = 0, d + p + 5 = 4*p. Let u(f) = -9*f + 7. List the prime factors of u(d).
5
Suppose -17*u + 16*u + 987 = 0. List the prime factors of u.
3, 7, 47
Suppose 6*w - 10*w = 24. What are the prime factors of (-9 - 1)/(-2 + (-11)/w)?
2, 3, 5
Let w be (-6)/(-1 + (-4)/8). Suppose w*n = n + 87. Suppose g = n - 1. What are the prime factors of g?
2, 7
Let w(u) = 176*u - 186. List the prime factors of w(10).
2, 787
Let m(r) = 4*r**2 - r + 8. Let v be m(-4). Let f = v - 9. What are the prime factors of f?
67
Suppose 0 = -4*d + 4*l + l + 407, -300 = -3*d + 2*l. List the prime factors of d.
2, 7
Let d(z) = 4*z**3 + 21*z**2 - 22*z - 20. Let h(r) = r**3 - r. Let x(l) = d(l) - 5*h(l). List the prime factors of x(20).
2, 5
Suppose -20 = -u - 8. Let v(q) = -213*q**3 - 2*q - 1. Let g be v(-1). Suppose -u = -3*b, -g = -6*l + l + 4*b. List the prime factors of l.
2, 23
Let x = 1351 - 241. List the prime factors of x.
2, 3, 5, 37
Suppose -4*c - 17*c = -4326. What are the prime factors of c?
2, 103
Suppose -5*t + 31 + 5354 = -n, t - 4*n = 1096. List the prime factors of t.
2, 269
Let j be 12/5 + 18/30. Suppose j*d + 4 = 4*d. Let w = 6 + d. What are the prime factors of w?
2, 5
Suppose -1015 = -2*a + 3*p, -495 = 2*a - 3*a - p. What are the prime factors of a?
2, 5
Let b(o) = 51*o - 5. Let p(l) = 1. Let x(r) = b(r) + 4*p(r). What are the prime factors of x(2)?
101
Let v(j) = j**3 - 9*j**2 + 2*j - 8. Let b(t) = -t**3 + 4*t**2 + 6*t + 4. Let x be b(5). Let o be v(x). Suppose 0*w + w = o. What are the prime factors of w?
2, 5
Let y = 843 + 209. What are the prime factors of y?
2, 263
Let h(w) = -2*w + 1. Let j be h(-2). Let m(s) = s**3 - 4*s**2 - 6*s - 6. Let z be m(j). Let f = z - -21. What are the prime factors of f?
2, 5
Suppose 5*q - 8*q + 30 = 0. List the prime factors of (29*4)/(5/q*4).
2, 29
Let o = -219 + 352. List the prime factors of o.
7, 19
Suppose -73*g = -9*g - 208320. List the prime factors of g.
3, 5, 7, 31
Let p be 24 + (4/1)/1. Let k = p + -6. What are the prime factors of k?
2, 11
Let w(i) = 1007*i**2 - 4*i + 2. List the prime factors of w(-1).
1013
Let w = -14 + 18. Suppose -w*t - 50 = -2*t. Let j = -6 - t. List the prime factors of j.
19
Suppose -2*f + 95 = -5*b - 144, -2*f + 3*b + 245 = 0. Suppose 2*t + 0*t + f = 3*k, -5*t = -4*k + 174. What are the prime factors of k?
41
Suppose 0*s - 35 = -5*s. Suppose 215 = s*r - 23. What are the prime factors of r?
2, 17
Let r(c) = 3*c**3 + c**2 + 31*c + 22. What are the prime factors of r(12)?
2, 2861
Suppose -108*n + 117*n = 3294. List the prime factors of n.
2, 3, 61
Let m = 2731 - 1125. What are the prime factors of m?
2, 11, 73
Suppose 2 = -2*t, 2*w + 2*t - 1114 = -172. List the prime factors of w.
2, 59
List the prime factors of (40051/363)/((-2)/(-78)).
13, 331
Suppose 0 = -2*n - 2*o + 20, 2*n + 2*o + 2*o - 28 = 0. What are the prime factors of 344/10 - n/15?
2, 17
Suppose -76*q = -68*q. Suppose 125*j - 127*j + 576 = q. What are the prime factors of j?
2, 3
Let o = 2221 - 1341. List the prime factors of o.
2, 5, 11
Suppose 4*o - y + 4*y - 144 = 0, o - 3*y = 21. What are the prime factors of (304/6)/(22/o)?
2, 19
Suppose 35*j = 22*j + 29224. List the prime factors of j.
2, 281
Suppose 0 = -0*f + 3*f. Suppose f*u + u + 5 = 0, 4*h = 4*u + 252. What are the prime factors of h?
2, 29
Let q = -2155 - -3777. List the prime factors of q.
2, 811
Let n(a) = 8*a**2 - a + 1. List the prime factors of n(5).
2, 7
What are the prime factors of 1 + 300 + 23 + -30?
2, 3, 7
Let r = -2339 - -3449. Suppose 950 = 10*l - r. List the prime factors of l.
2, 103
Suppose -15 = -3*j, -l + j + 111 = -8. Suppose -6*d - l = -4*a - d, 116 = 3*a + 2*d. Suppose 4*u + 0*v - v - a = 0, 3*u - 28 = v. List the prime factors of u.
2
Let p = 102 - -24. List the prime factors of p.
2, 3, 7
Let x(p) = 10*p - 24. Let q be x(11). Let u = 88 - q. List the prime factors of u.
2
Suppose 484 = -3*d + x + 3501, 3*x = -6. What are the prime factors of d?
3, 5, 67
Let u be (-1 + (-4)/(-2))*5. What are the prime factors of (-12)/2*-89*u/10?
3, 89
Let w be 192/(-20)*(-70)/3. Suppose 10*u - 6*u - w = 0. List the prime factors of u.
2, 7
Suppose 5*c - 8 = c, 2*n - 2*c = 1482. What are the prime factors of n?
743
Suppose -5*b + 3*o = 4 + 46, -5*o = 4*b + 3. Let n be (-58)/7 + (